{"id":12,"date":"2013-05-31T11:57:37","date_gmt":"2013-05-31T11:57:37","guid":{"rendered":"https:\/\/us-themes.com\/wp\/Vittoria\/?page_id=12"},"modified":"2015-03-16T18:22:29","modified_gmt":"2015-03-16T18:22:29","slug":"about","status":"publish","type":"page","link":"https:\/\/contel.com.ve\/?page_id=12","title":{"rendered":"Nosotros"},"content":{"rendered":"<div class=\"l-submain full_width color_primary parallax_ver\" id=\"section_790733\"><div class=\"l-submain-img\" style=\"background-image: url(https:\/\/contel.com.ve\/wp-content\/uploads\/2013\/05\/bussiness_team-gif1.jpg);\"><\/div><div class=\"l-submain-overlay black_20\"><\/div><div class=\"l-submain-h g-html i-cf\"><div class=\"g-cols offset_default\"><div class=\"full-width animate_afc\"><div class=\"g-hr type_invisible size_huge\">\n\t\t\t\t\t\t<span class=\"g-hr-h\">\n\t\t\t\t\t\t\t<i class=\"fa fa-star\"><\/i>\n\t\t\t\t\t\t<\/span>\n\t\t\t\t\t<\/div>\n\t<div class=\"wpb_text_column \">\n\t\t<div class=\"wpb_wrapper\">\n\t\t\t\n<h1 style=\"text-align: center;\">Nuestra <strong>pasi\u00f3n<\/strong> es servirte<\/h1>\n\n\t\t<\/div> \n\t<\/div> <div class=\"g-hr type_invisible size_huge\">\n\t\t\t\t\t\t<span class=\"g-hr-h\">\n\t\t\t\t\t\t\t<i class=\"fa fa-star\"><\/i>\n\t\t\t\t\t\t<\/span>\n\t\t\t\t\t<\/div><\/div><\/div><\/div><\/div><script type='text\/javascript'>jQuery(document).ready(function(){ jQuery('#section_790733 .l-submain-img').parallax('50%', '0.6'); });<\/script><div class=\"l-submain\"><div class=\"l-submain-h g-html i-cf\"><div class=\"g-cols offset_default\"><div class=\"full-width\"><div class=\"w-timeline\" id=\"tabsTemp\"><div class=\"w-timeline-list\"><div class=\"w-timeline-item\"><span class=\"w-timeline-item-title\">2005<\/span><\/div> <div class=\"w-timeline-item\"><span class=\"w-timeline-item-title\">2006<\/span><\/div> <div class=\"w-timeline-item\"><span class=\"w-timeline-item-title\">2007<\/span><\/div> <div class=\"w-timeline-item\"><span class=\"w-timeline-item-title\">2011<\/span><\/div> <div class=\"w-timeline-item\"><span class=\"w-timeline-item-title\">2012<\/span><\/div> <div class=\"w-timeline-item\"><span class=\"w-timeline-item-title\">2013<\/span><\/div> <div class=\"w-timeline-item\"><span class=\"w-timeline-item-title\">2014<\/span><\/div> <div class=\"w-timeline-item\"><span class=\"w-timeline-item-title\">2015<\/span><\/div> <\/div><div class=\"w-timeline-sections\"><div class=\"w-timeline-section\">\n\t\t\t\t\t<div class=\"w-timeline-section-title\">\n\t\t\t\t\t\t<span class=\"w-timeline-section-title-text\">2005<\/span>\n\t\t\t\t\t<\/div>\n\t\t\t\t\t<div class=\"w-timeline-section-content\">\n\t\t\t\t\t\t\n\t<div class=\"wpb_text_column \">\n\t\t<div class=\"wpb_wrapper\">\n\t\t\t<p>Contel \u00a0nace en el a\u00f1o 2005 como una empresa de telecomunicaciones que permite la generaci\u00f3n de soluciones integrales que responda a los retos de hoy en d\u00eda, con la globalizaci\u00f3n y la competencia, las empresas cada d\u00eda buscan mejorar sus procesos y disminuir sus costos con la finalidad de mantenerse rentables. Nuestra principal labor es ayudarlos, apoyarlos en todo lo concerniente a sus soluciones de plataforma, enlaces, servidores, seguridad, transmisi\u00f3n, administraci\u00f3n de ancho de banda, en fin, todos los elementos que conforman su estructura tecnol\u00f3gica.\n\t\t<\/div> \n\t<\/div> \n\t\t\t\t\t<\/div>\n\t\t\t\t<\/div><div class=\"w-timeline-section\">\n\t\t\t\t\t<div class=\"w-timeline-section-title\">\n\t\t\t\t\t\t<span class=\"w-timeline-section-title-text\">2006<\/span>\n\t\t\t\t\t<\/div>\n\t\t\t\t\t<div class=\"w-timeline-section-content\">\n\t\t\t\t\t\t\n\t<div class=\"wpb_text_column \">\n\t\t<div class=\"wpb_wrapper\">\n\t\t\t<p>Primera unidad vendida.\n\t\t<\/div> \n\t<\/div> \n\t\t\t\t\t<\/div>\n\t\t\t\t<\/div><div class=\"w-timeline-section\">\n\t\t\t\t\t<div class=\"w-timeline-section-title\">\n\t\t\t\t\t\t<span class=\"w-timeline-section-title-text\">2007<\/span>\n\t\t\t\t\t<\/div>\n\t\t\t\t\t<div class=\"w-timeline-section-content\">\n\t\t\t\t\t\t\n\t<div class=\"wpb_text_column \">\n\t\t<div class=\"wpb_wrapper\">\n\t\t\t<p>Nace Contel Panam\u00e1.\n\t\t<\/div> \n\t<\/div> \n\t\t\t\t\t<\/div>\n\t\t\t\t<\/div><div class=\"w-timeline-section\">\n\t\t\t\t\t<div class=\"w-timeline-section-title\">\n\t\t\t\t\t\t<span class=\"w-timeline-section-title-text\">2011<\/span>\n\t\t\t\t\t<\/div>\n\t\t\t\t\t<div class=\"w-timeline-section-content\">\n\t\t\t\t\t\t\n\t<div class=\"wpb_text_column \">\n\t\t<div class=\"wpb_wrapper\">\n\t\t\t<p>Primer FSO Instalado.\n\t\t<\/div> \n\t<\/div> \n\t\t\t\t\t<\/div>\n\t\t\t\t<\/div><div class=\"w-timeline-section\">\n\t\t\t\t\t<div class=\"w-timeline-section-title\">\n\t\t\t\t\t\t<span class=\"w-timeline-section-title-text\">2012<\/span>\n\t\t\t\t\t<\/div>\n\t\t\t\t\t<div class=\"w-timeline-section-content\">\n\t\t\t\t\t\t\n\t<div class=\"wpb_text_column \">\n\t\t<div class=\"wpb_wrapper\">\n\t\t\t<p>Primer Proyecto Internacional Ganado (Guatemala).\n\t\t<\/div> \n\t<\/div> \n\t\t\t\t\t<\/div>\n\t\t\t\t<\/div><div class=\"w-timeline-section\">\n\t\t\t\t\t<div class=\"w-timeline-section-title\">\n\t\t\t\t\t\t<span class=\"w-timeline-section-title-text\">2013<\/span>\n\t\t\t\t\t<\/div>\n\t\t\t\t\t<div class=\"w-timeline-section-content\">\n\t\t\t\t\t\t\n\t<div class=\"wpb_text_column \">\n\t\t<div class=\"wpb_wrapper\">\n\t\t\t<p>Crecimiento del 45%.\n\t\t<\/div> \n\t<\/div> \n\t\t\t\t\t<\/div>\n\t\t\t\t<\/div><div class=\"w-timeline-section\">\n\t\t\t\t\t<div class=\"w-timeline-section-title\">\n\t\t\t\t\t\t<span class=\"w-timeline-section-title-text\">2014<\/span>\n\t\t\t\t\t<\/div>\n\t\t\t\t\t<div class=\"w-timeline-section-content\">\n\t\t\t\t\t\t\n\t<div class=\"wpb_text_column \">\n\t\t<div class=\"wpb_wrapper\">\n\t\t\t<p>Expansi\u00f3n a EEUU e islas del caribe.\n\t\t<\/div> \n\t<\/div> \n\t\t\t\t\t<\/div>\n\t\t\t\t<\/div><div class=\"w-timeline-section\">\n\t\t\t\t\t<div class=\"w-timeline-section-title\">\n\t\t\t\t\t\t<span class=\"w-timeline-section-title-text\">2015<\/span>\n\t\t\t\t\t<\/div>\n\t\t\t\t\t<div class=\"w-timeline-section-content\">\n\t\t\t\t\t\t\n\t<div class=\"wpb_text_column \">\n\t\t<div class=\"wpb_wrapper\">\n\t\t\t<p>Para lograr tal cometido\u00a0 nos\u00a0 basamos\u00a0 en\u00a0 la\u00a0 excelencia, la calidad de nuestra labor la cual conlleva al \u00e9xito en nuestro prop\u00f3sito que simplemente es lograr que nuestros CLIENTES est\u00e9n satisfechos.\u00a0Con el objetivo en mente, nos apoyamos en los mejores fabricantes de tecnolog\u00eda para satisfacer vuestros requerimientos que sencillamente se convierten en retos para nosotros. A la par de esto, contamos con el personal calificado y listo para atender sus necesidades lo m\u00e1s r\u00e1pido posible, con calidad y satisfacci\u00f3n para ustedes.\n\t\t<\/div> \n\t<\/div> \n\t\t\t\t\t<\/div>\n\t\t\t\t<\/div><\/div><\/div><\/div><\/div><\/div><\/div><div class=\"l-submain color_alternate\"><div class=\"l-submain-h g-html i-cf\"><div class=\"g-cols offset_default\"><div class=\"one-half animate_afl d2\"><div class=\"w-iconbox iconpos_top\">\n\t\t\t\t\t\t<a class=\"w-iconbox-link\" href=\"#\">\n\t\t\t\t\t\t<div class=\"w-iconbox-icon\">\n\t\t\t\t\t\t\t<i class=\"fa fa-eye\"><\/i>\t<\/div>\n\t\t\t\t\t\t<h4 class=\"w-iconbox-title\">Nuestra Visi\u00f3n<\/h4>\n\t\t\t\t\t\t<\/a>\n\t\t\t\t\t\t<div class=\"w-iconbox-text\">\n\t\t\t\t\t\t\t<p>\u00a0\u00a0\u00a0 Posicionarnos en el sector de Telecomunicaciones como un generador de soluciones integrales, que responda a los retos de productividad y calidad requeridos por nuestros clientes, siendo un icono de rentabilidad y referencia por excelencia.<\/p>\n\t\t\t\t\t\t<\/div>\n\t\t\t\t\t<\/div><\/div><div class=\"one-half animate_afr d2\"><div class=\"w-iconbox iconpos_top\">\n\t\t\t\t\t\t<span class=\"w-iconbox-nolink\">\n\t\t\t\t\t\t<div class=\"w-iconbox-icon\">\n\t\t\t\t\t\t\t<i class=\"fa fa-bullseye\"><\/i>\t<\/div>\n\t\t\t\t\t\t<h4 class=\"w-iconbox-title\">Nuestra Misi\u00f3n<\/h4>\n\t\t\t\t\t\t<\/span>\n\t\t\t\t\t\t<div class=\"w-iconbox-text\">\n\t\t\t\t\t\t\t<p>Satisfacer globalmente las necesidades de Comunicaciones seguras a todos nuestros clientes, apoy\u00e1ndonos en la excelencia de nuestro personal calificado y tecnolog\u00eda de vanguardia, creando el m\u00e1ximo valor a las empresas.<\/p>\n\t\t\t\t\t\t<\/div>\n\t\t\t\t\t<\/div><\/div><\/div><\/div><\/div><div class=\"l-submain\"><div class=\"l-submain-h g-html i-cf\"><div class=\"g-cols offset_default\"><div class=\"full-width animate_afl\">\n\t<div class=\"wpb_text_column \">\n\t\t<div class=\"wpb_wrapper\">\n\t\t\t\n<h2 style=\"text-align: center;\"><\/h2>\n<h2 style=\"text-align: center;\">Los valores de <strong>CONTEL<\/strong> se encuentran enmarcados en<\/h2>\n\n\t\t<\/div> \n\t<\/div> <div class=\"vc_empty_space\"  style=\"height: 32px\" ><span class=\"vc_empty_space_inner\"><\/span><\/div>\n\n<\/div><\/div><div class=\"g-cols offset_default\"><div class=\"one-third animate_afl d2\"><div class=\"w-iconbox iconpos_left with_circle\">\n\t\t\t\t\t\t<a class=\"w-iconbox-link\" href=\"https:\/\/contel.com.ve\/?page_id=12\">\n\t\t\t\t\t\t<div class=\"w-iconbox-icon\">\n\t\t\t\t\t\t\t<i class=\"fa fa-book\"><\/i>\t<\/div>\n\t\t\t\t\t\t<h4 class=\"w-iconbox-title\">\u00c9tica<\/h4>\n\t\t\t\t\t\t<\/a>\n\t\t\t\t\t\t<div class=\"w-iconbox-text\">\n\t\t\t\t\t\t\t<p>Somos profesionales altamente calificados en la b\u00fasqueda de la mejor soluci\u00f3n para su necesidad <\/p>\n\t\t\t\t\t\t<\/div>\n\t\t\t\t\t<\/div><\/div><div class=\"one-third animate_aft d2\"><div class=\"w-iconbox iconpos_left with_circle\">\n\t\t\t\t\t\t<a class=\"w-iconbox-link\" href=\"#\">\n\t\t\t\t\t\t<div class=\"w-iconbox-icon\">\n\t\t\t\t\t\t\t<i class=\"fa fa-shield\"><\/i>\t<\/div>\n\t\t\t\t\t\t<h4 class=\"w-iconbox-title\">Respeto<\/h4>\n\t\t\t\t\t\t<\/a>\n\t\t\t\t\t\t<div class=\"w-iconbox-text\">\n\t\t\t\t\t\t\t<p>Respeto por nuestros clientes y empleados. <\/p>\n\t\t\t\t\t\t<\/div>\n\t\t\t\t\t<\/div><\/div><div class=\"one-third animate_afr d2\"><div class=\"w-iconbox iconpos_left with_circle\">\n\t\t\t\t\t\t<a class=\"w-iconbox-link\" href=\"#\">\n\t\t\t\t\t\t<div class=\"w-iconbox-icon\">\n\t\t\t\t\t\t\t<i class=\"fa fa-clock-o\"><\/i>\t<\/div>\n\t\t\t\t\t\t<h4 class=\"w-iconbox-title\">Puntualidad<\/h4>\n\t\t\t\t\t\t<\/a>\n\t\t\t\t\t\t<div class=\"w-iconbox-text\">\n\t\t\t\t\t\t\t<p>Consideramos que la puntualidad debe ser nuestro norte en cada compromiso que adquirimos <\/p>\n\t\t\t\t\t\t<\/div>\n\t\t\t\t\t<\/div><\/div><\/div><div class=\"g-cols offset_default\"><div class=\"one-third animate_afl d2\"><div class=\"w-iconbox iconpos_left with_circle\">\n\t\t\t\t\t\t<a class=\"w-iconbox-link\" href=\"#\">\n\t\t\t\t\t\t<div class=\"w-iconbox-icon\">\n\t\t\t\t\t\t\t<i class=\"fa fa-users\"><\/i>\t<\/div>\n\t\t\t\t\t\t<h4 class=\"w-iconbox-title\">Trabajo en equipo.<\/h4>\n\t\t\t\t\t\t<\/a>\n\t\t\t\t\t\t<div class=\"w-iconbox-text\">\n\t\t\t\t\t\t\t<p>La fuerza del trabajo del equipo es mayor que al individual<\/p>\n\t\t\t\t\t\t<\/div>\n\t\t\t\t\t<\/div><\/div><div class=\"one-third animate_aft d2\"><div class=\"w-iconbox iconpos_left with_circle\">\n\t\t\t\t\t\t<a class=\"w-iconbox-link\" href=\"#\">\n\t\t\t\t\t\t<div class=\"w-iconbox-icon\">\n\t\t\t\t\t\t\t<i class=\"fa fa-tasks\"><\/i>\t<\/div>\n\t\t\t\t\t\t<h4 class=\"w-iconbox-title\">Responsabilidad<\/h4>\n\t\t\t\t\t\t<\/a>\n\t\t\t\t\t\t<div class=\"w-iconbox-text\">\n\t\t\t\t\t\t\t<p>Nuestro pilar fundamental es cumplir nuestros objetivos en el tiempo previsto <\/p>\n\t\t\t\t\t\t<\/div>\n\t\t\t\t\t<\/div><\/div><div class=\"one-third animate_afr d2\"><div class=\"w-iconbox iconpos_left with_circle\">\n\t\t\t\t\t\t<a class=\"w-iconbox-link\" href=\"#\">\n\t\t\t\t\t\t<div class=\"w-iconbox-icon\">\n\t\t\t\t\t\t\t<i class=\"fa fa-university\"><\/i>\t<\/div>\n\t\t\t\t\t\t<h4 class=\"w-iconbox-title\">Integridad<\/h4>\n\t\t\t\t\t\t<\/a>\n\t\t\t\t\t\t<div class=\"w-iconbox-text\">\n\t\t\t\t\t\t\t<p>el cliente es la raz\u00f3n de ser de la empresa, lo principal es trabajar con esmero para lograr procesos de excelencia y gesti\u00f3n de calidad<\/p>\n\t\t\t\t\t\t<\/div>\n\t\t\t\t\t<\/div><\/div><\/div>\n<\/div><\/div>","protected":false},"excerpt":{"rendered":"[section background=\"primary\" img=\"3189\" bg_fade=\"black_50\" full_width=\"1\" parallax=\"vertical\" parallax_speed=\"0.6\" parallax_bg_width=\"150\" overlay=\"black_20\"] Nuestra pasi\u00f3n es servirte [\/section]2005 2006 2007 2011 2012 2013 2014 2015 2005 Contel \u00a0nace en el a\u00f1o 2005 como una empresa de telecomunicaciones que permite la generaci\u00f3n de soluciones integrales...","protected":false},"author":1,"featured_media":0,"parent":1106,"menu_order":0,"comment_status":"closed","ping_status":"closed","template":"","meta":[],"yoast_head":"<!-- This site is optimized with the Yoast SEO plugin v18.9 - https:\/\/yoast.com\/wordpress\/plugins\/seo\/ -->\n<title>Nosotros - Contel<\/title>\n<meta name=\"robots\" content=\"index, follow, max-snippet:-1, max-image-preview:large, max-video-preview:-1\" \/>\n<link rel=\"canonical\" href=\"https:\/\/contel.com.ve\/?page_id=12\" \/>\n<meta property=\"og:locale\" content=\"es_ES\" \/>\n<meta property=\"og:type\" content=\"article\" \/>\n<meta property=\"og:title\" content=\"Nosotros - Contel\" \/>\n<meta property=\"og:url\" content=\"https:\/\/contel.com.ve\/?page_id=12\" \/>\n<meta property=\"og:site_name\" content=\"Contel\" \/>\n<meta property=\"article:modified_time\" content=\"2015-03-16T18:22:29+00:00\" \/>\n<meta name=\"twitter:card\" content=\"summary\" \/>\n<meta name=\"twitter:label1\" content=\"Tiempo de lectura\" \/>\n\t<meta name=\"twitter:data1\" content=\"4 minutos\" \/>\n<script type=\"application\/ld+json\" class=\"yoast-schema-graph\">{\"@context\":\"https:\/\/schema.org\",\"@graph\":[{\"@type\":\"WebSite\",\"@id\":\"https:\/\/contel.com.ve\/#website\",\"url\":\"https:\/\/contel.com.ve\/\",\"name\":\"Contel\",\"description\":\"\",\"potentialAction\":[{\"@type\":\"SearchAction\",\"target\":{\"@type\":\"EntryPoint\",\"urlTemplate\":\"https:\/\/contel.com.ve\/?s={search_term_string}\"},\"query-input\":\"required name=search_term_string\"}],\"inLanguage\":\"es\"},{\"@type\":\"WebPage\",\"@id\":\"https:\/\/contel.com.ve\/?page_id=12#webpage\",\"url\":\"https:\/\/contel.com.ve\/?page_id=12\",\"name\":\"Nosotros - Contel\",\"isPartOf\":{\"@id\":\"https:\/\/contel.com.ve\/#website\"},\"datePublished\":\"2013-05-31T11:57:37+00:00\",\"dateModified\":\"2015-03-16T18:22:29+00:00\",\"breadcrumb\":{\"@id\":\"https:\/\/contel.com.ve\/?page_id=12#breadcrumb\"},\"inLanguage\":\"es\",\"potentialAction\":[{\"@type\":\"ReadAction\",\"target\":[\"https:\/\/contel.com.ve\/?page_id=12\"]}]},{\"@type\":\"BreadcrumbList\",\"@id\":\"https:\/\/contel.com.ve\/?page_id=12#breadcrumb\",\"itemListElement\":[{\"@type\":\"ListItem\",\"position\":1,\"name\":\"Portada\",\"item\":\"https:\/\/contel.com.ve\/\"},{\"@type\":\"ListItem\",\"position\":2,\"name\":\"Pages\",\"item\":\"https:\/\/contel.com.ve\/?page_id=1106\"},{\"@type\":\"ListItem\",\"position\":3,\"name\":\"Nosotros\"}]}]}<\/script>\n<!-- \/ Yoast SEO plugin. -->","yoast_head_json":{"title":"Nosotros - Contel","robots":{"index":"index","follow":"follow","max-snippet":"max-snippet:-1","max-image-preview":"max-image-preview:large","max-video-preview":"max-video-preview:-1"},"canonical":"https:\/\/contel.com.ve\/?page_id=12","og_locale":"es_ES","og_type":"article","og_title":"Nosotros - Contel","og_url":"https:\/\/contel.com.ve\/?page_id=12","og_site_name":"Contel","article_modified_time":"2015-03-16T18:22:29+00:00","twitter_card":"summary","twitter_misc":{"Tiempo de lectura":"4 minutos"},"schema":{"@context":"https:\/\/schema.org","@graph":[{"@type":"WebSite","@id":"https:\/\/contel.com.ve\/#website","url":"https:\/\/contel.com.ve\/","name":"Contel","description":"","potentialAction":[{"@type":"SearchAction","target":{"@type":"EntryPoint","urlTemplate":"https:\/\/contel.com.ve\/?s={search_term_string}"},"query-input":"required name=search_term_string"}],"inLanguage":"es"},{"@type":"WebPage","@id":"https:\/\/contel.com.ve\/?page_id=12#webpage","url":"https:\/\/contel.com.ve\/?page_id=12","name":"Nosotros - Contel","isPartOf":{"@id":"https:\/\/contel.com.ve\/#website"},"datePublished":"2013-05-31T11:57:37+00:00","dateModified":"2015-03-16T18:22:29+00:00","breadcrumb":{"@id":"https:\/\/contel.com.ve\/?page_id=12#breadcrumb"},"inLanguage":"es","potentialAction":[{"@type":"ReadAction","target":["https:\/\/contel.com.ve\/?page_id=12"]}]},{"@type":"BreadcrumbList","@id":"https:\/\/contel.com.ve\/?page_id=12#breadcrumb","itemListElement":[{"@type":"ListItem","position":1,"name":"Portada","item":"https:\/\/contel.com.ve\/"},{"@type":"ListItem","position":2,"name":"Pages","item":"https:\/\/contel.com.ve\/?page_id=1106"},{"@type":"ListItem","position":3,"name":"Nosotros"}]}]}},"_links":{"self":[{"href":"https:\/\/\/contel.com.ve\/index.php?rest_route=\/wp\/v2\/pages\/12"}],"collection":[{"href":"https:\/\/\/contel.com.ve\/index.php?rest_route=\/wp\/v2\/pages"}],"about":[{"href":"https:\/\/\/contel.com.ve\/index.php?rest_route=\/wp\/v2\/types\/page"}],"author":[{"embeddable":true,"href":"https:\/\/\/contel.com.ve\/index.php?rest_route=\/wp\/v2\/users\/1"}],"replies":[{"embeddable":true,"href":"https:\/\/\/\/contel.com.ve\/index.php?rest_route=%2Fwp%2Fv2%2Fcomments&post=12"}],"version-history":[{"count":24,"href":"https:\/\/\/contel.com.ve\/index.php?rest_route=\/wp\/v2\/pages\/12\/revisions"}],"predecessor-version":[{"id":3332,"href":"https:\/\/\/contel.com.ve\/index.php?rest_route=\/wp\/v2\/pages\/12\/revisions\/3332"}],"up":[{"embeddable":true,"href":"https:\/\/\/contel.com.ve\/index.php?rest_route=\/wp\/v2\/pages\/1106"}],"wp:attachment":[{"href":"https:\/\/\/\/contel.com.ve\/index.php?rest_route=%2Fwp%2Fv2%2Fmedia&parent=12"}],"curies":[{"name":"wp","href":"https:\/\/api.w.org\/{rel}","templated":true}]}}